 219. What is the hundreds digit of c?
3
Suppose 5175 = -1494*q + 1497*q. What is the units digit of q?
5
What is the hundreds digit of -7*-3*300/14?
4
Let b be ((-45)/(-40))/(6/32). Suppose -3*v + 56 = -v. What is the units digit of ((b - 4) + 0)*v?
6
Suppose -8*q + 4*q + 24 = 0. Suppose -s + 4*f = -1 - q, -2*s + 5*f + 11 = 0. What is the tens digit of 2/s*(38 + 1)?
2
Let u(s) = -5*s - 5. Let o be u(4). Let i = 20 - o. Suppose 5*w = 45 + i. What is the units digit of w?
8
Let y(d) = -d**2 + 8*d + 2. Let l be y(8). What is the units digit of (-33 - -38) + l*49?
3
Let g(n) = 28*n. Let m be g(5). Let v = m - 80. What is the tens digit of v?
6
Let h(c) = -c**2 + 7*c + 12. Let m be h(8). Suppose 2*t = -4, -3*g + m + 22 = 5*t. What is the tens digit of 15 + g/9*-3?
1
Let k be ((-2)/(-4))/(1/16). Let i be (-1 - -2)*(k + -6). Suppose -55 = -w - 0*s + 5*s, 148 = 4*w - i*s. What is the units digit of w?
5
Suppose 0*v + 5*v = g + 1193, 0 = 5*v + 2*g - 1184. What is the units digit of v?
8
Let b(p) = p**3 - 10*p**2 - 12*p + 14. Let l be b(11). Let t(x) = 5*x**2 - l*x**2 - 8 - 2*x + 9 + x. What is the tens digit of t(5)?
4
Suppose 104*t + 321 = 105*t. What is the units digit of t?
1
Let v(c) = 2*c**2 - 7*c + 7. Let a be 1/(1/3 - 12/63). What is the tens digit of v(a)?
5
Let n = 10 + -8. Suppose -7*f + n*f = 40. Let s = f - -10. What is the units digit of s?
2
Let p be (-62)/(-16) - 2/(-16). What is the tens digit of 101/5 - ((-76)/20 + p)?
2
Suppose -10 + 55 = 5*y. Suppose -8*h - 283 = -y*h. What is the hundreds digit of h?
2
Suppose 0 = -26*v + 40*v - 1316. What is the units digit of v?
4
Let q(i) = 28*i - 22. Let o be q(1). Suppose -14 = -2*m - 2*t, -4*t - 36 = -2*m - 2*m. Suppose -18 = -m*j + o*j. What is the units digit of j?
9
Let t = -29 + 27. Let g be 12 + t*(-3)/(-3). Let h = 45 - g. What is the units digit of h?
5
Let b be (1 + 11)/(1/(-2)). Let j be ((-8)/6)/(2/b). Suppose -j = -h - 3*h. What is the units digit of h?
4
Let s(u) be the first derivative of u**4 - 2*u**3/3 - u**2 - u - 7. Let l be s(-1). Let x = 14 + l. What is the units digit of x?
9
Let q(w) = w**3 + 4*w**2 + 1. Let k be q(-5). Let v = k - -6. What is the units digit of 36 - 0 - v/9?
8
Suppose -12*a + 2660 = -5*a. What is the units digit of a?
0
Let b = 36 - 22. Let m = -4 + b. What is the units digit of m?
0
Let b be 3/(-2)*(-56)/42. Let o = 0 + -29. Let q = b - o. What is the tens digit of q?
3
What is the tens digit of (-7748)/(-6) - (-10 - (-364)/39)?
9
Let w = 16 - 14. Suppose 0 = 4*h + w*q - 232, -h - 5*q = h - 116. Suppose 4*l = -h + 170. What is the tens digit of l?
2
Suppose 4*k - 6*k = -4, -4*t + k = -4142. What is the units digit of t?
6
Suppose -2782 = -2*t + 3*a, 0*a - 5*a = 2*t - 2766. What is the hundreds digit of t?
3
Let w(h) = 683*h - 178. What is the units digit of w(2)?
8
Let d be ((-2)/(-9))/((-8)/(-72)). Let p = 1 - 9. What is the units digit of (-1*d)/(p/64)?
6
What is the hundreds digit of (9/3)/(24/1856) - 4?
2
Let m(t) = t**3 - 5*t**2 + 3. Let k be m(5). Suppose -2*d - 4 = 0, -k*r - d = 2*d + 243. Let n = -53 - r. What is the tens digit of n?
2
Let a(s) = 13*s**2 - 7*s + 47. Let l(g) = 6*g**2 - 3*g + 23. Let r(p) = -3*a(p) + 7*l(p). What is the units digit of r(-9)?
3
Let y = 74 - 122. Let i = y + 94. What is the tens digit of i?
4
Let q(v) = -15*v + 460. What is the units digit of q(0)?
0
Let z be (-10422)/(-30) + (-2)/5. Let g = 206 - z. What is the tens digit of 7*(-3 + g/(-21))?
2
Suppose -324 + 102 = -3*n. Let g = -198 - -200. Suppose 2*u + q + 2*q - n = 0, -g*u + 74 = 5*q. What is the tens digit of u?
3
Let z = 750 - 424. What is the hundreds digit of z?
3
Suppose 0 = -g + 4*g - 2973. What is the tens digit of g?
9
Suppose 0 = -3*w + 68 - 59. Suppose i = -w*i + 308. What is the units digit of i?
7
Let r be (-1*11 - -1)/(-1). Let a(t) be the second derivative of t**4/12 - 3*t**3/2 + 15*t**2/2 + 7*t + 3. What is the tens digit of a(r)?
2
Let i be (352/(-20))/((-1)/5). Suppose 0 = -2*d + 18 + i. What is the tens digit of d?
5
What is the units digit of (-124)/558 - (-3046)/18?
9
Suppose 4*r - r = -84. Let l be 48/r - 4/14. Let f = l + 3. What is the units digit of f?
1
Let u = -10 + 17. Let h be 3/(((-21)/(-8))/u). Suppose -5*q + h = -q. What is the units digit of q?
2
Let s(b) = -b**2 + 21*b + 30. Let u = -31 + 52. What is the tens digit of s(u)?
3
Let o(i) = -3 + 3*i**2 + 20 - 6260*i + 6311*i. What is the tens digit of o(-17)?
1
Let c(u) = 2*u**2 - 6. Let a be c(-3). Let p = a - -27. What is the units digit of p?
9
Let h = 24 - 266. Let z = h - -380. What is the tens digit of z?
3
What is the hundreds digit of (-12)/(-20)*84110/117*6?
5
Suppose 0*d = 5*d. Suppose 4*w + 42 + 6 = d. Let x = w + 21. What is the units digit of x?
9
Let y(q) = 4431*q**2 + 23*q - 23. What is the units digit of y(1)?
1
Suppose 2*s - 2373 = -i, 0 = 5*s + 7*i - 11*i - 5965. What is the thousands digit of s?
1
Let t(w) = -w**3 - 8*w**2 - 12*w - 20. Let d be t(-6). Let j be (-8)/d - (-24)/15. Suppose 3*k + 54 = j*s, 4*s = -k - 30 + 138. What is the units digit of s?
7
Let l(t) = -58*t**2 - 3*t - 1. Let v be l(-2). Let a = -87 - v. What is the tens digit of a?
4
What is the tens digit of (3/18 + (-81894)/180)*-5?
7
What is the tens digit of 16206/(-4)*(-18)/27?
0
Let k = -3 - -11. Let m be k/(-3)*9/(-6). Suppose 264 = 4*z + 4*j, -3*j = m*z - 93 - 169. What is the units digit of z?
4
Let g(y) = -y**2 + 10*y + 4. Let c be g(10). Suppose c*a - 11 = 1. Suppose 4*b + 4*f = 152, 3 = a*f - 9. What is the units digit of b?
4
Suppose -4*c + 130 + 74 = 0. Let w = c - 71. What is the units digit of ((-11)/(-22))/((-2)/w)?
5
Suppose 0 = -c + 5*d + 428, 1265 = 5*c - d - 995. What is the tens digit of c?
5
Suppose 16*k - 21*k + 4825 = 0. Suppose 10*i = k - 265. What is the units digit of i?
0
Let k be (8 - 8)*(1 - 0). Let b = k - -54. What is the tens digit of b?
5
Let j be (-26)/10 + (-12)/30. Let l be (3/(-3))/((-2)/14). Let y = j + l. What is the units digit of y?
4
Suppose 0 = 2*d - 4*g - 110, 9*d - 5*d - 4*g - 220 = 0. What is the tens digit of d?
5
Let v be 5/(-15) - 194/(-6). Let f(t) = t**2 + 7*t - 11. Let r be f(6). Let u = r - v. What is the tens digit of u?
3
Let t(h) = h**3 - 19*h**2 + 21*h + 7. Let l = -27 + 45. What is the tens digit of t(l)?
6
Suppose -3*t - 192 = -117. Let q(f) = -4*f - 31. What is the tens digit of q(t)?
6
Let s(t) = 2*t**2 - 40*t - 28. Let r be s(21). Suppose r*z = 2*z + 2364. What is the tens digit of z?
9
Let z(c) = 39480*c + 588. Let o(y) = 336*y + 5. Let x(m) = -588*o(m) + 5*z(m). Let d be x(1). What is the tens digit of 5/2*d/(-30)?
1
Let d = 11 - 10. Suppose 2*s - 3*x = 11, -d - 20 = -5*s + x. Suppose 5*y - 4*v = 52, 0*y - s*v = -y + 4. What is the units digit of y?
2
Suppose 62*l = 64*l - 8. Suppose 0 = l*d - 4*x - 844, -4*x - 7 = 3*d - 633. What is the units digit of d?
0
Suppose 101673 = 76*b - 43*b. What is the hundreds digit of b?
0
Suppose 4*g + 4*p - 3420 = 0, 98*g - 95*g - 4*p - 2579 = 0. What is the units digit of g?
7
Let p = 128 - -189. What is the units digit of p?
7
Let h(i) = i**3 + 7*i**2 + 5*i + 8. Let v = -29 - -23. Let o be h(v). What is the tens digit of (4 + 5/(-2))*o?
2
Suppose t - 122 = 358. What is the tens digit of t?
8
Let f = -15 - -17. Suppose -4*m + 28 = -f*m. What is the tens digit of m?
1
Let l = -8 - -3. What is the tens digit of 11*(-2 - (l + 2))?
1
Let s(n) = -63*n**2 - n + 2. Let i be s(1). Let c = 170 + i. What is the hundreds digit of c?
1
Let f(i) = -i + 25. Let n be f(7). Let z = 21 - n. What is the units digit of 2/(-1)*(-7 + z)?
8
Let y be ((-4)/(-2))/((-6)/(-141)). Suppose y = 3*t + 5*l, -t - 5*l = -5*t + 51. What is the units digit of t?
4
What is the units digit of 2/6 + 6 + 10362/18?
2
Suppose -3*b + 4*y = -8*b + 7, 3*b - 13 = 2*y. Suppose -5*k = -4*f + 214, 7*f - 2*f = b*k + 274. Let l = f - 9. What is the units digit of l?
7
Suppose -5*a - 27 = -37. Suppose -n + a*f + 80 = 0, -3*n - 4*f + 82 = -138. What is the tens digit of n?
7
Suppose 4*z + 246 = -5*v, -8*z - 124 = -6*z + 2*v. Let n = z + 44. Let x = n - -53. What is the tens digit of x?
3
Suppose 7*j + 12 = -5*j. What is the hundreds digit of (-1)/(j - 786/(-789))?
2
Let o(u) be the third derivative of -u**6/120 - u**5/15 + u**4/12 + 2*u**3 - 11*u